{"id":2711,"date":"2021-03-15T14:23:06","date_gmt":"2021-03-15T13:23:06","guid":{"rendered":"https:\/\/mon-post-partum.com\/?page_id=2711"},"modified":"2021-03-15T14:32:01","modified_gmt":"2021-03-15T13:32:01","slug":"temoigner","status":"publish","type":"page","link":"https:\/\/mon-post-partum.com\/index.php\/temoigner\/","title":{"rendered":"T\u00e9moigner"},"content":{"rendered":"<p>[vc_row][vc_column][vc_column_text]Vous souhaitez t\u00e9moigner au sujet de vos grossesses, accouchements et post-partum ?<br \/>\nVous \u00eates sur la bonne page ! Nous proposons plusieurs type de t\u00e9moignages. Vous pouvez nous livrer votre r\u00e9cit part \u00e9crit, et il sera publi\u00e9 (anonymement ou non selon votre choix) sur le site internet. Vous pouvez retrouver une trame de questions dans la derni\u00e8re slide du formulaire. Vous avez aussi le choix de t\u00e9moigner \u00e0 l&rsquo;oral face cam\u00e9ra, le t\u00e9moignage sera enregistr\u00e9 et publi\u00e9 dans le documentaire.[\/vc_column_text][vc_empty_space height=\u00a0\u00bb50px\u00a0\u00bb][\/vc_column][\/vc_row][vc_row][vc_column][vc_raw_html]JTNDZGl2JTIwY2xhc3MlM0QlMjJ0eXBlZm9ybS13aWRnZXQlMjIlMjBkYXRhLXVybCUzRCUyMmh0dHBzJTNBJTJGJTJGZm9ybS50eXBlZm9ybS5jb20lMkZ0byUyRlAyVFdvclNpJTNGdHlwZWZvcm0tbWVkaXVtJTNEZW1iZWQtc25pcHBldCUyMiUyMHN0eWxlJTNEJTIyd2lkdGglM0ElMjAxMDAlMjUlM0IlMjBoZWlnaHQlM0ElMjA1MDBweCUzQiUyMiUzRSUzQyUyRmRpdiUzRSUyMCUzQ3NjcmlwdCUzRSUyMCUyOGZ1bmN0aW9uJTI4JTI5JTIwJTdCJTIwdmFyJTIwcXMlMkNqcyUyQ3ElMkNzJTJDZCUzRGRvY3VtZW50JTJDJTIwZ2klM0RkLmdldEVsZW1lbnRCeUlkJTJDJTIwY2UlM0RkLmNyZWF0ZUVsZW1lbnQlMkMlMjBndCUzRGQuZ2V0RWxlbWVudHNCeVRhZ05hbWUlMkMlMjBpZCUzRCUyMnR5cGVmX29ybSUyMiUyQyUyMGIlM0QlMjJodHRwcyUzQSUyRiUyRmVtYmVkLnR5cGVmb3JtLmNvbSUyRiUyMiUzQiUyMGlmJTI4JTIxZ2kuY2FsbCUyOGQlMkNpZCUyOSUyOSUyMCU3QiUyMGpzJTNEY2UuY2FsbCUyOGQlMkMlMjJzY3JpcHQlMjIlMjklM0IlMjBqcy5pZCUzRGlkJTNCJTIwanMuc3JjJTNEYiUyQiUyMmVtYmVkLmpzJTIyJTNCJTIwcSUzRGd0LmNhbGwlMjhkJTJDJTIyc2NyaXB0JTIyJTI5JTVCMCU1RCUzQiUyMHEucGFyZW50Tm9kZS5pbnNlcnRCZWZvcmUlMjhqcyUyQ3ElMjklMjAlN0QlMjAlN0QlMjklMjglMjklMjAlM0MlMkZzY3JpcHQlM0U=[\/vc_raw_html][\/vc_column][\/vc_row]<\/p>\n","protected":false},"excerpt":{"rendered":"<p>[vc_row][vc_column][vc_column_text]Vous souhaitez t\u00e9moigner au sujet de vos grossesses, accouchements et post-partum ? Vous \u00eates sur la bonne page ! Nous proposons plusieurs type de t\u00e9moignages. Vous pouvez nous livrer votre r\u00e9cit part \u00e9crit, et il sera publi\u00e9 (anonymement ou non [&hellip;]<\/p>\n","protected":false},"author":1,"featured_media":0,"parent":0,"menu_order":0,"comment_status":"closed","ping_status":"closed","template":"","meta":{"_monsterinsights_skip_tracking":false,"_monsterinsights_sitenote_active":false,"_monsterinsights_sitenote_note":"","_monsterinsights_sitenote_category":0},"_links":{"self":[{"href":"https:\/\/mon-post-partum.com\/index.php\/wp-json\/wp\/v2\/pages\/2711"}],"collection":[{"href":"https:\/\/mon-post-partum.com\/index.php\/wp-json\/wp\/v2\/pages"}],"about":[{"href":"https:\/\/mon-post-partum.com\/index.php\/wp-json\/wp\/v2\/types\/page"}],"author":[{"embeddable":true,"href":"https:\/\/mon-post-partum.com\/index.php\/wp-json\/wp\/v2\/users\/1"}],"replies":[{"embeddable":true,"href":"https:\/\/mon-post-partum.com\/index.php\/wp-json\/wp\/v2\/comments?post=2711"}],"version-history":[{"count":4,"href":"https:\/\/mon-post-partum.com\/index.php\/wp-json\/wp\/v2\/pages\/2711\/revisions"}],"predecessor-version":[{"id":2715,"href":"https:\/\/mon-post-partum.com\/index.php\/wp-json\/wp\/v2\/pages\/2711\/revisions\/2715"}],"wp:attachment":[{"href":"https:\/\/mon-post-partum.com\/index.php\/wp-json\/wp\/v2\/media?parent=2711"}],"curies":[{"name":"wp","href":"https:\/\/api.w.org\/{rel}","templated":true}]}}